14*q - 3. Let m = 152 + -83. Suppose m*i + 4 = 65*i. Calculate a(i).
-15
Let n(i) = -343*i - 103. Let y(z) = 56*z - 1. Let p(h) = -n(h) - 6*y(h). Give p(-14).
11
Suppose n + 13 = -l, -3*n + 4 = -5*l + 59. Let h be (8/(-40))/(1/n). Let z(q) = q**3 - q**2 - 3*q - 3. Determine z(h).
6
Let s be (77/(-14) - (2 - 8))*0. Suppose s*b = -4*a + b - 19, 2*a + 11 = b. Let j(i) = 6*i**2 - 2 + 5*i + 3*i**3 + i**2 - 2*i**3. Determine j(a).
26
Suppose y + 2*i = i + 6, -i = -3*y + 6. Let c(a) = -3*a + 54*a**2 - 58*a**2 - 2 - 10*a**3 + 11*a**y. Give c(5).
8
Let a(x) be the second derivative of x**5/10 - 5*x**4/6 + 3*x**2 + 1216*x. What is a(5)?
6
Let o(u) be the second derivative of 1/360*u**6 - 1/8*u**4 - 21*u + 0*u**2 + 4*u**3 + 1/120*u**5 + 0. Let p(s) be the second derivative of o(s). Give p(4).
17
Let w(d) = -1887 - 6*d + 2077 - 12*d. What is w(11)?
-8
Let v(f) = 4 + f**2 - 3*f + 1 - 1. Let x = 190 - 243. Let h = x + 57. Calculate v(h).
8
Let t be (27/12)/(3/132). Let g(j) = 105*j - t*j + 0 - 1. Give g(1).
5
Let u(i) = i**2 + 5*i + 2. Suppose -3*y + 8 = -y. Suppose -4*v = 5*q - 6, -y = -3*q - v + 1. Let g be (6/q + -4)*4. Determine u(g).
-2
Suppose 30*b - 34*b + 5*s + 44 = 0, -11 = -b + 3*s. Let m(d) = d**3 - 12*d**2 + 12*d - 8. What is m(b)?
3
Let c(a) be the second derivative of -a**5/20 + 5*a**4/12 + 17*a**3/6 - 5*a**2 - 2012*a. Give c(7).
11
Let a(f) = -f**2 + 1. Let i be a(-1). Let y(q) be the second derivative of -6*q + i + 1/3*q**3 + 0*q**2. Determine y(-3).
-6
Let b be 132/(-24)*2 - (-33 - 4). Let m(a) = 4*a + 25. What is m(b)?
129
Let i(l) be the second derivative of -8*l**3/3 - 631*l**2/2 + 11395*l. What is i(-39)?
-7
Let n(i) = -9*i**2 + 14 + 3217*i + 7*i**2 - 3194*i. Let v be n(12). Let m(b) = 2*b**3 + b**2 - 2*b + 1. Give m(v).
17
Let s(v) = 21*v + 134. Let x(r) = 10*r + 62. Let k(z) = 4*s(z) - 9*x(z). Calculate k(-12).
50
Suppose -5*f + 5 = -3*m, 32*f + 15 = 37*f - m. Let c(a) be the first derivative of 2*a**2 - 1/4*a**4 + 2*a - f + a**3. Give c(4).
2
Let i(g) be the second derivative of -7*g**2 + 1/6*g**3 - 43*g + 0. Determine i(0).
-14
Let w(b) = -9*b + 2. Suppose -7*v = -1130 - 165. Let o = 183 - v. What is w(o)?
20
Let d(c) be the first derivative of -3 - 8*c + 1/4*c**4 + 7/3*c**3 - 5*c**2. Suppose -n + 7 - 15 = 0. What is d(n)?
8
Let t(n) be the second derivative of 0 + 1/6*n**3 + 108*n - 15/2*n**2. Give t(14).
-1
Suppose -2*u + 6 = -10. Let j(m) = -6*m**2 + 2*m**2 - m**2 - 2*m**2 - m**3 + u*m + 5. Determine j(-8).
5
Let m be (8/10)/(1*(-12)/(-210)). Let l(x) = -m - 3*x + x**3 - 2*x + 10*x**2 + 13*x + 1. Calculate l(-9).
-4
Suppose 3*b + 5*o = 9, 624*b + 4*o = 619*b + 28. Let v(k) be the third derivative of k**4/24 - k**3 - k**2. What is v(b)?
2
Let p(t) = -5*t**3 + 4*t**2 - 10*t + 3. Let r(k) = 2*k**3 - 2*k**2 + 4*k - 1. Let q(l) = -3*p(l) - 8*r(l). What is q(2)?
3
Let z(s) = 28*s - 10*s - 11*s - 11*s. Let x = -763 + 765. Determine z(x).
-8
Let k be (-143)/8 - 84/672. Let x(h) = h**3 + 19*h**2 + 20*h + 42. Calculate x(k).
6
Let p(v) = v**3 + 6*v**2 - 2*v - 10. Let b be p(-6). Let n(m) = -8*m + 1. Let l(t) = -17*t. Let r(q) = b*l(q) - 5*n(q). Give r(-6).
-41
Let n(k) = -3 - 2*k - k**3 - 12*k - 9*k**2 + 2*k + 3*k. Suppose -40 = -7*p - 96. What is n(p)?
5
Let i(r) = 95 - 135*r + 254*r - 129*r. What is i(10)?
-5
Let c(g) be the third derivative of g**6/120 + g**5/5 - g**4/6 - 13*g**3/2 - 3*g**2 + 655*g. What is c(-12)?
9
Let j(w) = -w**3 + 18*w**2 + 72*w - 40. Let t be j(21). Let x(y) = 145 - 5*y - t + 4*y**2 - 3*y**2. Calculate x(6).
2
Let i(p) = 23*p**2 + 2*p + 12. Let k(u) = -31*u**2 - u - 15. Let b(g) = 4*i(g) + 3*k(g). Suppose 0*m - 5*m - 15 = 0. What is b(m)?
-21
Suppose 2*m - 144*l + 141*l = -17, -5*l + 30 = -5*m. Let r(p) = -9*p**2 - 3*p. Determine r(m).
-6
Let g(a) = -1 + 0 - 1 - 9*a**2 - 2 + 6*a. Let p(l) = 8*l**2 - 4*l + 3. Let i(w) = 2*g(w) + 3*p(w). Determine i(-1).
7
Suppose -3*o = -2*i - 1486, 5*o - 12*i = -8*i + 2474. Let c = o + -505. Let q(n) = -n**3 - 8*n**2 - 6*n - 4. Determine q(c).
-11
Let m(g) = g**2 - 228*g + 52. Let c(x) = -4*x**2 + 846*x - 207. Let z(u) = -3*c(u) - 11*m(u). Give z(28).
-7
Let w(r) = r**3 - 7*r**2 + 4*r - 8. Let q(k) = -k**3 + 24*k**2 + 25*k - 4. Let x be q(25). Let u be 2/3*x*(-18)/8. Give w(u).
-20
Let i(z) be the third derivative of z**5/3 + z**4/6 + z**3/2 + 747*z**2. What is i(-2)?
75
Let j = 7 + -6. Let d(k) = 110*k**2 - 50*k. Let i(p) = -9*p**2 + 4*p. Let u(c) = 2*d(c) + 25*i(c). Give u(j).
-5
Let k(y) = -1 - 2 + 6 + 9*y. Suppose 0 = 3*b - 2*m + 3*m + 4, -2*m = 4*b + 4. Give k(b).
-15
Let p = 2138 + -2149. Let z(q) = q + 12. Calculate z(p).
1
Let f(k) = 4*k + 4. Let j be f(-2). Let c(m) be the third derivative of -m**5/60 - m**4/4 - 5*m**3/3 + 4*m**2 - 2. What is c(j)?
-2
Suppose -28 = 4*m - l - l, -7 = -m - 3*l. Let w(s) = 2*s**2 + 3*s - 9. Give w(m).
26
Let p(i) = 15*i + 207. Let t(n) = -n**3 + n**2 - 53*n - 15. Let r be t(0). Calculate p(r).
-18
Let z(j) be the second derivative of j**3/6 - j**2 - 40423*j. Let k(p) = -14*p + 4. Let l be k(-4). Suppose 2*c - 4*v = -6, 5*v = 3*c - 8*c + l. Determine z(c).
5
Suppose -3*o = 3*f - 21, 2*o = 4*f - 3 - 7. Suppose -14 + 22 = f*m. Let d(y) = -8*y + 2. Determine d(m).
-14
Let x be (19 + -1 - (-4 - -8)) + (-42)/6. Let q(i) = -i**2 + 21*i - 114. What is q(x)?
-16
Let q(g) = -g**2 + g + 6. Let x = -3925 - -3923. Give q(x).
0
Let u(n) = n**2 + 6*n - 3. Let x be u(-7). Suppose 4*y = -0 - x. Let l(t) = -27*t**2 + 35*t**2 - 5*t + 4*t. What is l(y)?
9
Let o(v) be the first derivative of 2/3*v**3 - 200 + v**2 + 0*v. Give o(-3).
12
Let x be 1*(-12)/(-18) - (-69)/(-9). Let v(w) = -w + 10. Let o(g) = 2*g - 31. Let c(m) = x*v(m) - 2*o(m). Give c(4).
4
Let u(d) = -d - 6. Let a(x) = 2*x**2 - 8*x - 4. Let c be a(7). Suppose 12 = 39*k - c*k. Suppose k*l + 10 = 14*l. Give u(l).
-11
Let f(u) be the first derivative of 3*u - 7 + 1/2*u**2. Give f(-9).
-6
Suppose -97*o + 90*o = -119. Let t(q) = o*q**2 + 0 - 8*q**2 - 2*q - 8*q**2 - 7. What is t(6)?
17
Let k(d) = 2*d**2 + 72*d + 78. Let q be k(-35). Let x(u) = -u - 2*u - 6 + 1. Let y(b) = 9*b + 15. Let r(t) = q*x(t) + 3*y(t). What is r(-5)?
-10
Let y be 1295/(-40) + 18 + 3/16*2. Let x(f) = -f**3 - 15*f**2 - 17*f - 10. Calculate x(y).
32
Let s(o) = o + 12. Let a(q) = -11. Let w(c) = 4*a(c) + 2*s(c). Suppose 2*y + 33 = 5*y. Let x be w(y). Let g(m) = -3*m**2 - 2*m + 3. Determine g(x).
-13
Let v(r) = -r - 5. Let g(y) = -4*y**2 - 64*y - 7. Suppose -2*z + 2*t - 76 = 3*z, -z = t + 18. Let b be g(z). Give v(b).
2
Let g(x) = 257*x + 8497. Let z be g(-33). Let i(n) = -n**2 + 10*n + 126. Determine i(z).
30
Suppose j + k = 3, -2*j + 15 = 3*j - 5*k. Suppose r = -j*p + 2 - 0, -2*p - 5*r = -10. Let l(t) = 7 - 59*t - 2 + 60*t. Give l(p).
5
Let f(x) be the first derivative of 0*x**2 + 43/4*x**4 + 29 + 0*x**3 + 0*x. Give f(1).
43
Suppose -16*a = -20*a + 164. Suppose 0 = 7*w - 27 + a. Let u(s) = -3*s + 4. Give u(w).
10
Let z = -145 + 140. Let j(v) = 4*v**2 - 8*v + 6. Let m(b) = -7*b**2 + 15*b - 12. Let u(g) = z*j(g) - 3*m(g). Let q be -5 + 3 + 0 - -7. Calculate u(q).
6
Let i(s) = -3*s - 14. Let x = 466 + -467. Let u(b) = -b - 1. Let j(m) = x*i(m) + u(m). Give j(-5).
3
Let k = -75 + 78. Let n(f) = -5*f + 390 + 10*f**2 + 5*f - 394 - f**k. Determine n(10).
-4
Suppose 0 = -4*q + 2*n + 528, 5*q - 4*n = -3*n + 663. Let j(a) = q - 132 + 0*a**3 - 3*a**2 + 11*a**3 + 2*a**2. Let f be (-7 - (3 + -6)) + 5. What is j(f)?
11
Let o(t) = -t**3 + t**2 - 2*t + 4. Let x(a) = 4*a**3 + a**2 - 6*a - 15. Let f be x(-3). Let v = 99 + f. Give o(v).
-20
Let f(d) = 35*d**3 + 9*d**2 + 2*d + 18. Let o(z) = -64*z**3 - 18*z**2 - 5*z - 36. Let b(c) = 11*f(c) + 6*o(c). Let y = 296 + -286. Calculate b(y).
2
Let f(w) = -2 + 14 - 56*w**2 + 111*w**2 - 56*w**2. Suppose -17*r + 27*r = 0. Give f(r).
12
Suppose 6*p - p + 24 = 2*q, 5*q + 2*p = 2. Let f(i) = -3*i**2 + 10*i + 7*i**3 + 7*i**2 - 8*i**3 + q*i**2. Calculate f(7).
21
Let i = -16 - -236. Let p = i - 225. Let n(s) be the third derivative of s**5/60 + 5*s**4/24 + s**3/3 + s**2. Give n(p).
2
Let q be (-15)/(-35) + ((-212)/(-28) - 3). Let b(s) = 8*s - q*s**3 + 3*s**3 - 4 + s**3 - s + 5*s**2 - s**2. Give b(5).
6
Let f(y) = -5*y**2 - y. Let p(l) = -6*l**2 + 4. Let u(t) = t**2 - 1. Let a(s) = 3*p(s) + 12*u(s). Let r(d) = -4*a